. Suppose 30 = s + 5*b, a*b - 28 = -s - 2. Calculate the highest common factor of 4 and s.
4
Let z(s) = -6*s**2 - 194*s + 66. Let o be z(-32). Let y = -55 + 107. What is the highest common divisor of y and o?
26
Suppose -162*x + 1136 = -91*x. Calculate the highest common factor of x and 248.
8
Suppose -3*x - 61 = b, 42 = -5*x + 3*b - 55. Let i = x - -22. Suppose 0 = -2*r - 2*g + 8, -r - 3*g + 6 = -0*g. Calculate the greatest common factor of r and i.
1
Suppose -1123 = -6*h + 1613. What is the greatest common divisor of h and 4?
4
Let h = 22 - 6. Let z be (-1 + 2)*-2 + (4 - -78). Calculate the highest common factor of z and h.
16
Suppose -5*v + 14 = -6. Let o be (18/8)/(10 - (-1113)/(-112)). Calculate the greatest common factor of o and v.
4
Let i(u) be the second derivative of 29*u**3/2 - u**2/2 - 18*u. Let o be i(1). Calculate the greatest common divisor of 129 and o.
43
Let t be (-362)/(-5) - (-4)/(-10). Let x = -2 - -5. Suppose x*b - 5*c - 4 = 0, b - 24 = 2*c - 6*c. What is the greatest common divisor of t and b?
8
Suppose 5*d + m = 9*d, 5*d + 4*m - 21 = 0. Let b be d/(-3 + 2 + 2) - -53. Calculate the highest common factor of 54 and b.
54
Let k(q) = q**3 + 17*q**2 - 18*q + 7. Let f(g) = g**2 - 14*g + 22. Let m be f(10). Let w be k(m). Calculate the greatest common factor of w and 14.
7
Suppose -17*n = -18*n + 30. Suppose 5*h - 2*i + 5 = n, -3*h + 4*i + 1 = 0. Let p(v) = 2*v - 3. Let m be p(h). Calculate the highest common divisor of 22 and m.
11
Let r = 129 - -55. Suppose 5*g = -3*l + r, -125 = g - 5*g + 5*l. Suppose 2*h = g + 61. Calculate the greatest common factor of h and 16.
16
Let a be -2 - (17 - -2)*13. Let u = -150 - a. Let x(w) = -19*w - 274. Let p be x(-15). Calculate the greatest common factor of p and u.
11
Let y = 558 - 130. Suppose 4*p - y = -p - 4*f, -4*p + 340 = 2*f. Suppose 0 = 3*m - 4*o - 68, m + o - 16 = 4*o. What is the greatest common divisor of p and m?
28
Let x = -29 - -42. Suppose 108 = 5*u + x. Let q = -176 + 347. What is the greatest common factor of q and u?
19
Suppose 0 = 7*d + 4*d - 154. What is the greatest common factor of d and 147?
7
Suppose 2*f - 18 - 2 = -4*x, -x = -2*f. Let k = -31476 + 31528. Calculate the greatest common divisor of k and x.
4
Let x = 53 - -17. What is the greatest common factor of x and 35?
35
Let c be (-2 + (-14)/(-5))/(10/2350). Calculate the highest common factor of 235 and c.
47
Let g(b) be the second derivative of 7*b**3/3 - 5*b**2 - 16*b. Let m be g(5). Calculate the greatest common divisor of 12 and m.
12
Let t(k) = k**3 + 10*k**2 - 13*k - 14. Let a be t(-11). Suppose 4*i + 8 = a*i. Suppose 0 = i*s + 3*s - 20. What is the greatest common divisor of 4 and s?
4
Let u(t) = -t**2 + t - 10. Let z(n) = n**2 - n + 10. Let x(q) = 4*u(q) + 5*z(q). Let i be x(8). Let p = i - 30. Calculate the greatest common factor of 4 and p.
4
Suppose -182 = -3*o + 5*q, q + 2 = 4. What is the highest common factor of 16 and o?
16
Let a = 28 + 76. Let d be (2 - 3)/((-2)/4). Suppose s + s = x - a, -d*x + s = -217. Calculate the greatest common factor of 44 and x.
22
Suppose -3*h = -12*h - 18. Let s(r) = 9*r - 3. Let v(p) = 5*p - 2. Let k(i) = 6*s(i) - 11*v(i). Let j be k(h). What is the greatest common divisor of 24 and j?
6
Suppose 4*s + 7978 = 3*j, 2*s - 16 = -6. Calculate the greatest common divisor of j and 86.
86
Let j be (1*-214)/((-14)/7). Suppose -41 + j = 2*b. Calculate the greatest common divisor of b and 33.
33
Let v = -18 + 33. Let b be 39/v + 2/5. Calculate the highest common divisor of 15 and b.
3
Let y(f) = -19*f + 165. Let i be y(-9). Calculate the greatest common divisor of i and 7.
7
Let z = 19 + -28. Let j = z - -8. Let n be (4/(-2) - j) + 9. Calculate the greatest common factor of 32 and n.
8
Suppose d - 2 - 14 = 0. Let o = 4 + d. Calculate the highest common divisor of o and 8.
4
Suppose 3*y = -3*p - 3, -4*p + 10 = -4*y - 2*p. Let w be (y/(-5))/(1/440). Calculate the greatest common divisor of w and 44.
44
Suppose 0 = 5*t - 20, 2*t = k + 7*t - 77. Calculate the greatest common factor of k and 798.
57
Let p = 355 + -320. What is the greatest common divisor of 15 and p?
5
Suppose 2*w + 6*q = 9*q + 141, 0 = 5*w + 3*q - 300. Let y(b) = b**2 + 3*b + 5. Let n be y(-4). Calculate the greatest common factor of w and n.
9
Let d = 3729 + -2309. Calculate the highest common divisor of 20 and d.
20
Let r be -1 - ((-8 - 0) + -51). Calculate the highest common divisor of r and 551.
29
Suppose z + 6 = 13. Let g be 3/4*((-145)/(-15) - z). Let n = 12 - 2. Calculate the highest common divisor of g and n.
2
Let d(r) = 7*r**2 - r - 4. Let o be d(-2). What is the highest common divisor of 91 and o?
13
Let n be 1*(-30)/(-10) + 36. Calculate the greatest common factor of 507 and n.
39
Let p be (2*72/(-80))/((-2)/70). Calculate the highest common divisor of 27 and p.
9
Let c = -14 + 26. Let q = -8 + c. Suppose -3*d = -5*m - 3, -q*d + 26 = 5*m - 13. Calculate the greatest common divisor of 9 and d.
3
Suppose -2*n + 34 = -50. Suppose c - 48 = 8. Calculate the greatest common factor of c and n.
14
Suppose -2*v - 126 = -11*v. Calculate the greatest common divisor of 742 and v.
14
Let m = 46 - 26. Suppose -w - 3*s = -4*s - 1, -3*s = -5*w - 5. Let z be 4 - (-1 - w/4). Calculate the greatest common factor of z and m.
4
Suppose -10 = -2*o, -2*l - l - 4*o + 137 = 0. What is the greatest common divisor of 806 and l?
13
Suppose -c = -3*j - 17 - 5, 5*c + 10 = 0. Let r(x) = x**2 + 7*x - 10. Let h be r(j). Let o be 1/h*-300*1. What is the highest common factor of 15 and o?
15
Suppose 0 = -45*r + 15*r + 1080. Calculate the greatest common factor of 666 and r.
18
Suppose 7*i = 2*i + d + 1059, -4*i - 5*d = -824. Let f = i + -103. Calculate the highest common divisor of 24 and f.
12
Let f(l) = 3*l + 25. Let r be f(1). What is the highest common divisor of 644 and r?
28
Let i(c) = c**3 + 6*c**2 - c - 1. Let x be i(-6). Suppose x*z + 17 = 77. Calculate the highest common divisor of 72 and z.
12
Let x be (-94)/3*(19 + -22). Let w = x - 64. Calculate the greatest common factor of 20 and w.
10
Suppose 8 = 2*u - 4*r, 2*u - r = -u + 7. Suppose -4*i = 4*w - 2*i - 184, 2*w - 92 = u*i. Let p = 366 - 251. Calculate the greatest common factor of w and p.
23
Suppose 1219 = 23*q + 253. Suppose 0*d + 3*d + 504 = 0. Let f be d/(-30) - (-2)/5. What is the highest common factor of q and f?
6
Let o(j) = 3*j + 11. Let z be o(0). What is the greatest common divisor of z and 297?
11
Let t = 312 - 158. Let w = 34 + -20. Calculate the highest common factor of w and t.
14
Let c be (-44)/55 - (-3308)/10. What is the greatest common factor of c and 30?
30
Let p(i) = 606*i**2 - 596*i**2 + 11*i + i**3 + 5 + 3. Let k be (1/(-2))/(2/28). Let r be p(k). Calculate the greatest common divisor of 26 and r.
26
Suppose -5*a + 3*x = -140, 140 - 56 = 3*a - 2*x. Calculate the highest common divisor of 434 and a.
14
Let o(v) = 9*v + 1. Suppose 5*x - 19 - 26 = 0. Suppose x = 3*l, 15 = 2*r - r + 4*l. Let j be o(r). What is the greatest common divisor of 70 and j?
14
Let k(g) = -2*g - 1. Let i be (-23)/4 - (-2)/(-8). Let o be (i/5)/(18/45). Let m be k(o). What is the highest common divisor of m and 1?
1
Suppose -212 = 30*o - 26*o. Let a = -41 - o. What is the greatest common factor of a and 60?
12
Suppose -u - 3*u + 216 = 5*n, -5*u - 60 = -2*n. Let h(z) = -22*z + 6. Let x be h(-7). Calculate the highest common factor of n and x.
40
Suppose 4*d - 72 = 2*m + 94, -212 = -5*d - 2*m. Calculate the highest common factor of 567 and d.
21
Let y = 502 - 229. Let h = -153 + y. Calculate the greatest common factor of 15 and h.
15
Suppose 2*w - 11 - 39 = 0. Suppose -l - 22 = -w. Let v be (-6)/(-18) - (-4)/6. Calculate the greatest common factor of v and l.
1
Suppose -5*i + 5709 = 35*z - 32*z, -2 = z. What is the greatest common divisor of 9 and i?
9
Let t(p) = -p**2 + 9*p - 4. Let f be t(6). Suppose 5*u - 186 = h + 28, 3*u + 3*h - 114 = 0. Calculate the greatest common divisor of f and u.
14
Suppose o = -2*u + 28, 9*u = 4*u - 10. Calculate the highest common divisor of o and 176.
16
Let n(g) = -1 - 3 + 1 + 19*g - 8*g. Let a be n(6). Let w(h) = h + 26. Let t be w(16). What is the greatest common divisor of t and a?
21
Let x = 110 - 105. Calculate the greatest common divisor of 